m. Calculate the highest common factor of 1 and n.
1
Suppose 300*p = -54*p + 49339 - 9691. Calculate the highest common factor of 3752 and p.
56
Let f be ((-16)/10)/(2/5) - -2018. Suppose f = 13*p - 911. What is the highest common factor of p and 90?
45
Suppose -12*k + 2 = -22. Suppose -k*z + 271 = -3*j, -j = -z - 0 + 137. What is the highest common factor of z and 20?
20
Let z be 24/(-6) + (-3)/(-2)*(-946)/(-11). What is the highest common divisor of z and 5125?
125
Let i(q) = -7*q**3 - 118*q - 232. Let w be i(-2). Calculate the highest common divisor of 2256 and w.
12
Let f(o) = 55 - 5*o**2 + 18*o**2 - 15*o**2 + 2*o**3. Let b be f(0). What is the greatest common divisor of 110 and b?
55
Suppose i + 0*i - 3 = 2*y, -5*i + y = -15. Suppose 0 = -9*g + i*g - 294. Let w be (-6)/(-14)*g/14*-4. Calculate the highest common divisor of w and 36.
6
Suppose 3*c = 3*a + 22 + 2, 5*c + 3*a = 0. Suppose 0 = -5*q + 3*x + 1717, 3*x = -c*q - 2*q + 1693. What is the highest common factor of 62 and q?
31
Let o = -16070 - -16095. Calculate the greatest common divisor of 1285 and o.
5
Let x(l) = l**3 - 4*l**2 + 16*l - 12. Let m be x(6). Let b be (-4)/8*m/(-3). What is the greatest common factor of b and 624?
26
Suppose 3*m - 4143 = -4*h, 9*h = -3*m + 7*h + 4137. Calculate the highest common factor of 405 and m.
81
Let t(h) = 7 + 5 + 8*h + 4*h**2 - h**2. Let w be (-21)/(1050/20) - 36/10. Let y be t(w). What is the highest common factor of y and 196?
28
Let z = 228 + 241. Let f = -433 + z. Calculate the highest common factor of f and 90.
18
Let f be 2/3 - (-133)/3. Suppose -132 = 10*d - 13*d. Let w = 1 + d. Calculate the greatest common divisor of w and f.
45
Let m(t) = 12*t**2 + 17*t + 32. Let o be m(-6). Calculate the highest common divisor of o and 1.
1
Let d = 394 - 636. Let o be 0/2 - d/33*36. What is the highest common factor of 165 and o?
33
Let m be (-1)/(-1*4/52). Suppose 0 = j - 30 + m. Suppose -3*v + 13 + j = 0. Calculate the greatest common divisor of 70 and v.
10
Let h(a) = -9*a + 36. Let l be h(9). Let j be (160/(-25))/(6/l). What is the greatest common divisor of j and 36?
12
Let w = -6070 + 6382. What is the greatest common divisor of w and 1300?
52
Suppose -4*h + 0*h = -324. Let z = 141 - h. Suppose -1574*w + 81 = 3*g - 1578*w, -w - 69 = -4*g. Calculate the highest common factor of g and z.
15
Let i(u) = -2*u - 1. Let x be i(-16). Suppose x = 5*r + 1. Let p(o) = -6*o + 47. Let m be p(r). What is the highest common divisor of 11 and m?
11
Let i = -1965 + 1980. Suppose 2*x = -4*x + 3870. Calculate the highest common factor of i and x.
15
Suppose 140195 = 117*z - 497806. What is the highest common factor of z and 399?
133
Suppose 3*u - 23 = -5*j, -j - 15 = -5*j + u. Let p(v) = -2*v - j*v + 0*v - 9 + 0*v. Let z be p(-2). What is the highest common factor of z and 9?
3
Suppose l = -a + 390 + 236, 5*l = 3*a + 3090. Let w be 18 + 0 - (-125 + -1)/14. What is the greatest common factor of l and w?
27
Let j(l) = 55*l**2 - 582*l - 582. Let p be j(-1). Suppose 0 = 5*z + 2*a - 833, 4*z - 821 = -z + a. Calculate the highest common divisor of z and p.
55
Let w(a) = 5*a**2 + 28*a + 76. Let m(h) = 14*h**2 + 82*h + 229. Let r(s) = 6*m(s) - 17*w(s). Let y be r(20). What is the highest common factor of y and 106?
2
Suppose k - 100*u + 98*u - 28 = 0, -4 = -3*u - 28. Let y be (-1246)/(-8) + (-2)/(-8). What is the greatest common divisor of k and y?
12
Let g be 5 + 781/33 + 4/12. Calculate the greatest common factor of g and 783.
29
Let r(w) = -19*w + 263. Let s be r(13). Calculate the highest common factor of 4032 and s.
16
Suppose 0 = 3*s - 3*v - 189, 4*s = -23*v + 22*v + 222. Calculate the highest common divisor of 31179 and s.
57
Let s be ((-1022)/219)/(4/(-186)). What is the greatest common factor of s and 13888?
217
Suppose 8*s - 15*s = -728. Suppose 109*v - s*v - 110 = 0. Calculate the greatest common factor of v and 154.
22
Suppose 5*y = 5*v + 70, -2*v = -27*y + 30*y - 37. Suppose y*t + 14*t = 756. Suppose -2*x - 504 = -4*x. What is the highest common factor of t and x?
28
Let l be -2 + (-3)/6*-38. Let b(o) = -6 + 40 - 3 - 11*o. Let t be b(-8). What is the greatest common factor of t and l?
17
Suppose -10*w = -3405 - 7545. Let y = 1920 - w. What is the greatest common factor of y and 33?
33
Suppose -8173 = 126*o - 18675 - 15202. What is the greatest common factor of o and 108?
12
Suppose 1642 = 132*r - 130*r - q, -r + 2*q + 818 = 0. What is the highest common divisor of 18 and r?
6
Suppose 900*b - 112 = 896*b. Suppose 0 = 6*n - 3*n. Suppose n = -3*w + w + 56. What is the greatest common factor of w and b?
28
Suppose 2525*k - 3*c = 2527*k - 173, -4*k + 450 = -2*c. Let s(b) = -46*b**3 - 2*b - 1. Let r be s(-2). Calculate the greatest common factor of r and k.
53
Let k be 6/(-8)*(-1 + (-14 - 1)). Let g = k + -6. Suppose -g*h + h = -300. Calculate the greatest common divisor of h and 12.
12
Let t = 5585 + -5499. Calculate the highest common factor of t and 2322.
86
Let h = 4766 + -1719. Calculate the greatest common factor of h and 11.
11
Let l be (3 + -2 + -3)*(-1)/((-18)/(-441)). Calculate the greatest common factor of l and 2597.
49
Let r = 436 - 431. Suppose -r*f + 517 = q, -q - 4*q + 89 = f. What is the greatest common factor of f and 260?
52
Suppose 0 = -431*z + 430*z - 1, 2*r - 4*z - 1004 = 0. Calculate the highest common divisor of r and 950.
50
Let z(o) = -1 + 27*o**3 - 21*o**3 - 20*o**3 - 10*o**3. Let v be z(-1). Suppose -12*b - 331 = -2815. What is the greatest common factor of v and b?
23
Let b = -8031 + 14475. What is the highest common divisor of b and 12?
12
Suppose -1180 - 1485 = -127*j - 252. Calculate the greatest common divisor of j and 6707.
19
Let t = -2428 + 2496. What is the greatest common divisor of t and 1547?
17
Suppose 4*u = 3*d + 24, 22*d - 23*d = 0. Let i be u/(-8) - ((-243)/36 - 3). Calculate the greatest common divisor of 36 and i.
9
Let a = -23 + 24. Let w be 7/(-9) + a + (-529)/(-9). Let l = w - 38. What is the greatest common factor of 7 and l?
7
Let u(z) = 97*z**2 + 901*z. Let n be u(-10). What is the greatest common factor of 150 and n?
30
Let n(m) = 2*m**2 - 2*m - 360. Let k be n(0). Let f = k + 1089. Calculate the greatest common factor of 27 and f.
27
Suppose b - 1481 = 5*z, -2*z - 788 = -5*b - 214. Let a be 3/(-5) - z/45. Suppose 2 = 2*s - a. What is the highest common factor of s and 4?
4
Let c be (-59 + 60)/((((-6)/3)/(-14))/134). Calculate the greatest common factor of 126 and c.
14
Let t be 6/(2/(-4) + 1). Let u be (-1)/(-4) - (-1534)/8. Let o = -108 + u. Calculate the highest common divisor of t and o.
12
Let g = 3142 - -6834. What is the highest common factor of 232 and g?
232
Let t(x) = 4*x**3 + x**2 + x - 1. Let j be t(1). Suppose -j*y + 0*y + 100 = 0. Let p = 9700 + -9695. Calculate the greatest common divisor of p and y.
5
Suppose 20*p - 2152 - 1071 = 697. Calculate the greatest common divisor of p and 4.
4
Suppose -262 - 39 = -7*y. Let x = y + 23. What is the highest common divisor of 99 and x?
33
Let o be (18/2)/(36/(-600)). Let x = o + 167. What is the highest common factor of x and 17?
17
Let c be (-8)/8 + (-192)/(-16). What is the highest common factor of 25 and c?
1
Let x(g) = -470*g - 1401. Let n be x(-16). What is the highest common divisor of n and 29?
29
Let h be 4992/112*35/10. Suppose 3*n - 5*n + 24 = 0. Calculate the greatest common factor of n and h.
12
Suppose 19*h - 5*h = 8022. Let w = -495 + h. What is the greatest common divisor of w and 3?
3
Let v(a) = 3*a**2 - 4*a + 6. Let k be v(6). Suppose 0 + 19 - 7 = 6*x. Let w be (-648)/k*(-5)/x. Calculate the highest common divisor of 144 and w.
18
Suppose -s + 10 = -3*d - 26, 3*d = -3*s + 144. What is the highest common factor of 30 and s?
15
Suppose -16*c + 1510 = -1194. Calculate the greatest common factor of 234 and c.
13
Suppose 145*v - 39760 = -162*v + 23*v. What is the greatest common factor of v and 6790?
70
Let b(n) = -5*n + 57. Let z be b(11). Suppose 0 = -2*r - 2*r - 8, 4*r - 328 = -z*c. What is the highest common factor of 21 and c?
21
Suppose -52 = -2*s - 5*a, 184*a - 104 = -4*s + 180*a. Let i be (-4)/(-6)*12/2. Calculate the greatest common divisor of s and i.
2
Suppose 5*r + i - 117 = 0, -4*i + 2*i + 114 = 5*r. Let b be (-5)/(-15) + 1837/3